he tens digit of 586038?
3
What is the hundred thousands digit of 21114546?
1
What is the tens digit of 592110?
1
What is the ten thousands digit of 173915?
7
What is the ten thousands digit of 560117?
6
What is the tens digit of 544929?
2
What is the thousands digit of 874421?
4
What is the ten thousands digit of 113747?
1
What is the units digit of 2084326?
6
What is the ten thousands digit of 23703482?
0
What is the units digit of 1031304?
4
What is the units digit of 1723218?
8
What is the ten thousands digit of 27047?
2
What is the hundreds digit of 129211?
2
What is the hundreds digit of 8958688?
6
What is the tens digit of 6812775?
7
What is the ten millions digit of 11101240?
1
What is the ten thousands digit of 170682?
7
What is the thousands digit of 85191?
5
What is the ten thousands digit of 2750997?
5
What is the thousands digit of 3205063?
5
What is the tens digit of 3060253?
5
What is the tens digit of 909850?
5
What is the hundred thousands digit of 664884?
6
What is the tens digit of 648871?
7
What is the thousands digit of 913859?
3
What is the ten thousands digit of 23106163?
0
What is the thousands digit of 22483?
2
What is the ten thousands digit of 18658?
1
What is the ten thousands digit of 915362?
1
What is the units digit of 413043?
3
What is the tens digit of 2898597?
9
What is the units digit of 98407?
7
What is the hundred thousands digit of 249027?
2
What is the tens digit of 5771287?
8
What is the tens digit of 85464?
6
What is the tens digit of 2011435?
3
What is the hundred thousands digit of 2060954?
0
What is the thousands digit of 5291387?
1
What is the tens digit of 2104?
0
What is the ten thousands digit of 713154?
1
What is the hundreds digit of 1826?
8
What is the units digit of 1526248?
8
What is the millions digit of 2724133?
2
What is the tens digit of 94191?
9
What is the tens digit of 5062038?
3
What is the tens digit of 226888?
8
What is the hundreds digit of 81483?
4
What is the ten thousands digit of 2861246?
6
What is the hundred thousands digit of 679808?
6
What is the thousands digit of 591581?
1
What is the tens digit of 1569969?
6
What is the thousands digit of 63487?
3
What is the units digit of 443972?
2
What is the hundreds digit of 296270?
2
What is the units digit of 4301543?
3
What is the hundreds digit of 37561?
5
What is the hundreds digit of 3934624?
6
What is the tens digit of 197427?
2
What is the ten thousands digit of 978764?
7
What is the hundreds digit of 6492019?
0
What is the tens digit of 33221960?
6
What is the hundred thousands digit of 138177?
1
What is the hundred thousands digit of 445313?
4
What is the ten thousands digit of 50259?
5
What is the hundred thousands digit of 198227?
1
What is the hundreds digit of 4838864?
8
What is the ten thousands digit of 129153?
2
What is the units digit of 1214155?
5
What is the ten millions digit of 23875469?
2
What is the tens digit of 2677414?
1
What is the ten millions digit of 14243781?
1
What is the ten thousands digit of 21752?
2
What is the thousands digit of 2958469?
8
What is the hundred thousands digit of 3949841?
9
What is the tens digit of 794493?
9
What is the tens digit of 592342?
4
What is the millions digit of 5630116?
5
What is the hundred thousands digit of 5709104?
7
What is the millions digit of 3982145?
3
What is the tens digit of 8476103?
0
What is the ten thousands digit of 628367?
2
What is the ten thousands digit of 6234072?
3
What is the ten thousands digit of 1225039?
2
What is the hundreds digit of 786637?
6
What is the ten thousands digit of 677555?
7
What is the tens digit of 362944?
4
What is the units digit of 120423?
3
What is the hundred thousands digit of 6467768?
4
What is the hundred thousands digit of 7105683?
1
What is the hundreds digit of 277764?
7
What is the units digit of 350066?
6
What is the millions digit of 1356246?
1
What is the thousands digit of 212758?
2
What is the ten thousands digit of 242923?
4
What is the millions digit of 1346596?
1
What is the hundreds digit of 81675?
6
What is the units digit of 127177?
7
What is the hundred thousands digit of 317168?
3
What is the hundred thousands digit of 6142977?
1
What is the units digit of 1417664?
4
What is the ten thousands digit of 8576615?
7
What is the thousands digit of 11843?
1
What is the tens digit of 426728?
2
What is the millions digit of 24840665?
4
What is the thousands digit of 662014?
2
What is the tens digit of 16078536?
3
What is the millions digit of 1638605?
1
What is the hundred thousands digit of 3814963?
8
What is the units digit of 1419445?
5
What is the thousands digit of 4139420?
9
What is the tens digit of 5410920?
2
What is the thousands digit of 392518?
2
What is the tens digit of 2025196?
9
What is the units digit of 112349?
9
What is the hundreds digit of 6400971?
9
What is the ten thousands digit of 548836?
4
What is the hundred thousands digit of 1761749?
7
What is the millions digit of 5649261?
5
What is the hundred thousands digit of 362697?
3
What is the tens digit of 20698571?
7
What is the hundred thousands digit of 557391?
5
What is the hundred thousands digit of 7596653?
5
What is the hundreds digit of 404080?
0
What is the thousands digit of 35885278?
5
What is the hundred thousands digit of 256292?
2
What is the units digit of 3232403?
3
What is the hundred thousands digit of 2809273?
8
What is the hundred thousands digit of 15116732?
1
What is the tens digit of 253180?
8
What is the units digit of 886723?
3
What is the ten thousands digit of 1620311?
2
What is the thousands digit of 636267?
6
What is the ten thousands digit of 3530797?
3
What is the ten thousands digit of 108363?
0
What is the millions digit of 1748124?
1
What is the ten thousands digit of 10530988?
3
What is the thousands digit of 2111532?
1
What is the hundred thousands digit of 246895?
2
What is the units digit of 474353?
3
What is the hundred thousands digit of 17013926?
0
What is the hundreds digit of 733632?
6
What is the millions digit of 8247774?
8
What is the thousands digit of 2289138?
9
What is the hundreds digit of 2939679?
6
What is the ten thousands digit of 99243?
9
What is the ten millions digit of 12889693?
1
What is the units digit of 7140901?
1
What is the units digit of 541732?
2
What is the thousands digit of 1364095?
4
What is the hundreds digit of 16531860?
8
What is the units digit of 15972108?
8
What is the hundred thousands digit of 1527442?
5
What is the hundreds digit of 105742?
7
What is the hundred thousands digit of 535770?
5
What is the hundred thousands digit of 854562?
8
What is the millions digit of 3411637?
3
What is the ten thousands digit of 1819161?
1
What is the units digit of 329560?
0
What is the hundreds digit of 638501?
5
What is the hundred thousands digit of 206156?
2
What is the hundred thousands digit of 2164920?
1
What is the ten thousands digit of 9647584?
4
What is the tens digit of 587924?
2
What is the millions digit of 2777566?
2
What is the millions digit of 20414739?
0
What is the units digit of 1649810?
0
What is the hundred thousands digit of 3322154?
3
What is the hundred thousands digit of 1529876?
5
What is the hundreds digit of 1263256?
2
What is the units digit of 9762886?
6
What is the units digit of 1495678?
8
What is the thousands digit of 886177?
6
What is the hundred thousands digit of 2186370?
1
What is the units digit of 2604428?
8
What is the hundreds digit of 4486972?
9
What is the hundreds digit of 3577802?
8
What is the thousands digit of 1779952?
9
What is the tens digit of 15855557?
5
What is the thousands digit of 6654674?
4
What is the thousands digit of 2304349?
4
What is the hundreds digit of 2565998?
9
What is the thousands digit of 380334?
0
What is the hundred thousands digit of 449036?
4
What is the millions digit of 6512441?
6
What is the tens digit of 315204?
0
What is the tens digit of 18360035?
3
What is the ten thousands digit of 428693?
2
What is the ten thousands digit of 753297?
5
What is the hundred thousands digit of 216746?
2
What is the hundred thousands digit of 643101?
6
What is the thousands digit of 2687299?
7
What is the thousands digit of 213084?
3
What is the ten thousands digit of 2415718?
1
What is the tens digit of 8